588?
412
What is the greatest common factor of 3789651944 and 1352?
1352
What is the highest common factor of 81781872 and 344?
344
What is the highest common divisor of 111366 and 41466888?
4842
What is the highest common divisor of 53753344 and 544?
32
What is the highest common divisor of 27401 and 7229783?
583
Calculate the greatest common divisor of 13075941 and 1020.
51
Calculate the greatest common factor of 1188446 and 2814.
938
What is the greatest common factor of 312 and 41865694?
26
Calculate the highest common divisor of 137017 and 8507.
181
What is the greatest common divisor of 1364489322 and 21?
21
Calculate the greatest common divisor of 1842068 and 424.
212
What is the highest common factor of 834 and 6453711342?
834
What is the highest common divisor of 47510496 and 11?
11
What is the highest common divisor of 401082 and 4027815?
3399
Calculate the highest common divisor of 80607956 and 36.
4
What is the highest common divisor of 116566 and 26052?
334
Calculate the greatest common factor of 488343 and 4043919.
5487
Calculate the highest common divisor of 12223 and 1591147.
719
Calculate the greatest common factor of 35958 and 181636.
26
Calculate the greatest common factor of 52 and 2673076.
4
What is the highest common divisor of 331829 and 105377?
167
Calculate the greatest common factor of 1118456388 and 756.
252
Calculate the greatest common divisor of 2760 and 4542615.
345
What is the greatest common divisor of 973857920 and 4480?
4480
Calculate the highest common factor of 6965 and 7061117.
1393
What is the greatest common factor of 180954 and 3637143?
81
Calculate the highest common factor of 67117 and 132597.
1637
Calculate the highest common factor of 53 and 788960279.
53
What is the greatest common factor of 7384 and 24431810?
1846
What is the greatest common divisor of 21186 and 4707?
9
What is the highest common factor of 10 and 36830270?
10
Calculate the greatest common factor of 621210 and 555.
15
Calculate the greatest common divisor of 100 and 54475450.
50
Calculate the greatest common divisor of 1364624 and 742400.
464
What is the highest common factor of 4423602 and 5394?
174
Calculate the highest common factor of 114026395 and 2023.
2023
Calculate the highest common factor of 268 and 435312802.
134
Calculate the greatest common divisor of 687 and 95439.
3
What is the greatest common divisor of 9 and 209934873?
9
What is the greatest common factor of 1517 and 4207953?
41
Calculate the greatest common divisor of 1700352 and 61008.
1968
What is the greatest common divisor of 1348 and 89132?
4
Calculate the highest common factor of 36 and 308371950.
18
What is the greatest common divisor of 1088215 and 10?
5
What is the highest common divisor of 2472155 and 370?
185
What is the greatest common factor of 120 and 3775188?
12
Calculate the highest common divisor of 37525813 and 104.
13
What is the highest common divisor of 311575 and 4?
1
What is the greatest common factor of 27796989 and 34?
17
Calculate the highest common divisor of 3646 and 183475835.
1823
What is the greatest common divisor of 14538344 and 684?
76
Calculate the highest common divisor of 76854481 and 11.
11
Calculate the highest common factor of 3824709 and 903.
21
What is the highest common factor of 1954271 and 2728?
341
What is the greatest common divisor of 1964 and 51940?
4
What is the greatest common divisor of 11349 and 228270003?
3783
What is the highest common divisor of 345 and 291275105?
115
What is the highest common factor of 7742 and 4088882?
1106
What is the greatest common divisor of 2913 and 21?
3
What is the highest common divisor of 68 and 812699620?
68
Calculate the highest common factor of 12 and 44559828.
12
What is the greatest common factor of 24246 and 59297634?
8082
What is the highest common factor of 5238 and 2588154?
582
What is the highest common divisor of 829797718 and 446?
446
What is the highest common divisor of 17731 and 140437?
17
What is the highest common factor of 1377 and 4315761?
81
What is the greatest common divisor of 2 and 10271462?
2
What is the greatest common divisor of 14 and 100208486?
14
Calculate the highest common divisor of 3565536 and 13728.
1248
What is the greatest common divisor of 50745 and 152575?
85
Calculate the greatest common divisor of 12304 and 9104.
16
Calculate the highest common factor of 48530 and 173780.
10
What is the highest common factor of 544 and 1185257?
17
What is the highest common factor of 1957531 and 76409?
109
Calculate the greatest common divisor of 1284507 and 34923.
21
What is the highest common divisor of 34400856 and 1940?
388
What is the highest common factor of 916660 and 3540?
20
Calculate the highest common divisor of 4920 and 106082088.
984
What is the greatest common divisor of 1568630907 and 837?
837
Calculate the highest common divisor of 196396753 and 49.
49
What is the highest common divisor of 2378727 and 30873?
753
Calculate the highest common divisor of 41116 and 729268.
2164
Calculate the greatest common factor of 3596848 and 1968.
656
What is the highest common divisor of 33664 and 86528?
128
What is the highest common factor of 109700 and 1355500?
100
Calculate the highest common divisor of 30521069 and 11339.
391
Calculate the highest common factor of 16544881 and 24772.
563
Calculate the highest common divisor of 296091 and 18537.
501
What is the highest common factor of 528361770 and 4770?
1590
Calculate the greatest common divisor of 20827 and 4130826.
59
What is the greatest common factor of 7384888 and 20776?
392
What is the greatest common factor of 780 and 3130572?
12
What is the highest common divisor of 39129222 and 2904?
726
What is the highest common factor of 962160234 and 42?
42
What is the greatest common factor of 275240 and 6391466?
1966
What is the highest common factor of 30147 and 5505?
3
What is the highest common factor of 2460415767 and 25317?
8439
Calculate the greatest common divisor of 4400 and 125936800.
4400
What is the greatest common factor of 161109 and 2021436?
1377
What is the greatest common factor of 1424281 and 33602?
317
Calculate the highest common factor of 319584 and 1536.
96
What is the greatest common factor of 14315864 and 28?
4
Calculate the highest common factor of 4542 and 306168.
6
What is the greatest common divisor of 19953065 and 1227?
409
What is the greatest common factor of 359199 and 70727?
107
Calculate the highest common divisor of 5401961 and 688.
43
Calculate the greatest common factor of 9551328 and 185.
37
What is the highest common factor of 15450861 and 29913?
177
What is the greatest common factor of 10219140 and 24?
12
What is the highest common divisor of 53297 and 325357?
223
What is the greatest common factor of 81743096 and 4?
4
What is the greatest common divisor of 24231 and 5904?
123
Calculate the highest common factor of 3351400 and 299000.
2600
What is the greatest common factor of 87993 and 1658831?
3259
What is the highest common divisor of 32215 and 363584933?
6443
What is the highest common divisor of 113 and 11048575?
113
Calculate the highest common factor of 8 and 12421436.
4
Calculate the highest common factor of 11065791 and 319.
319
Calculate the highest common factor of 30030224 and 477.
53
Calculate the greatest common factor of 4988171 and 69.
23
What is the highest common divisor of 1571 and 893498395?
1571
Calculate the greatest common factor of 267215802 and 435.
87
Calculate the highest common divisor of 2715567 and 36.
3
What is the greatest common divisor of 2765 and 108906714?
553
Calculate the greatest common factor of 1350 and 487200.
150
What is the greatest common divisor of 444122 and 28?
14
What is the highest common divisor of 9190 and 5210?
10
What is the highest common factor of 50 and 3013475?
25
Calculate the highest common factor of 5654 and 3072513642.
5654
Calculate the highest common factor of 201868 and 1514473.
463
Calculate the highest common divisor of 686 and 7497882.
98
What is the highest common divisor of 593803 and 65149?
287
Calculate the greatest common divisor of 698759826 and 18423.
6141
Calculate the greatest common factor of 4232 and 2756576.
8
Calculate the greatest common factor of 4727 and 1250699.
163
What is t